20 - x**4/4 + x**3/6 - 3*x**2/2 + 5*x. Suppose 4*j - j = -9. Let g be i(j). Calculate t(g).
-6
Let s(u) = -2*u**2 + 28*u + 69. Let f be s(16). Let w(k) = 6*k**2 + 12*k + 6. Let z(c) = -5*c**2 - 11*c - 6. Let l(b) = 6*w(b) + 7*z(b). Calculate l(f).
-6
Let j(t) = -t**2 - 2*t + 7. Suppose -166*q - 70 = -152*q. Determine j(q).
-8
Let a(i) be the third derivative of -i**5/30 - i**4/4 + 5*i**3/6 - 28*i**2 - 3. Determine a(-4).
-3
Suppose 5*h = -2*n - 116 - 54, -3*h + 2*n - 102 = 0. Let g be h/(-14) - 21/49. Let x(d) = d**3 + 1 + 3*d + 2*d**2 - d**2 + d**2 + g*d**2. Determine x(-2).
3
Let x be -4*7/(-49) + 45/7. Let i(f) = -f**2 + 7*f + 14. Give i(x).
14
Let x = 50 - 48. Suppose -x*a - 25 = -7*a. Let g(y) = -2*y - 7. What is g(a)?
-17
Let i(p) = -p**2 + 4*p - 139. Let d(o) = o - 26. Let k(q) = 11*d(q) - 2*i(q). What is k(2)?
6
Let p(j) = -8*j - j - 183*j**2 - 12 + 182*j**2 + 5*j - 6*j. What is p(-8)?
4
Let q(h) = -2*h**2 + 15*h - 37. Let y be q(6). Let c(r) = -2*r - 40. What is c(y)?
-2
Let k = -30 - -33. Let a(p) = -k*p - 21*p**2 + 7*p + 20*p**2 + 7. Calculate a(5).
2
Let w(h) = -6*h + 9. Let b(q) = -5*q + 9. Let o(l) = 4*b(l) - 3*w(l). Determine o(6).
-3
Let c(n) be the third derivative of n**6/120 - n**5/12 + n**4/8 - 5*n**3/6 - 6*n**2. Suppose -2*w - 14 = -3*h, -3 = -h - 5*w - 4. Calculate c(h).
-9
Let j(l) = l**2 - 2*l - 1. Let x(u) = u**3 - 13*u**2 + 12*u + 3. Let d(h) = -6*j(h) - x(h). What is d(7)?
3
Let p(z) = -3*z**2 - 14*z + 14. Let o(b) = 10*b**2 + 43*b - 40. Let g(w) = 2*o(w) + 7*p(w). Give g(-14).
-10
Let w(v) = v + 19. Let t be 18*1*(-18)/18. Determine w(t).
1
Suppose n - 16 = -0*n. Suppose 5*k - 2*g = -5*g + n, -2*g - 6 = 0. Let j(r) = 6*r + 7 - r - r - r**2. Calculate j(k).
2
Let d(i) = 2 + 49*i + 4 - 51*i. Give d(3).
0
Let n(s) = 7*s**3 - 2*s + 1. Let w = 669 - 668. Give n(w).
6
Suppose 0 = 5*w - 2*f - 35, 0*w + w + 3*f = 7. Let y(q) = 3*q - 15. Let d be y(w). Let p(i) = -i**2 + 5*i + 8. Determine p(d).
2
Let l be (-4)/14 - 180/(-42). Suppose 0 = l*k - 3*x - 2*x - 45, 4*k - 10 = -2*x. Let t(r) = r**3 - 6*r**2 + 6*r + 1. What is t(k)?
6
Suppose 0 = 12*c - 4*c - 40. Suppose -c*b - 5*v - 20 = 0, b + 3*b + 21 = -5*v. Suppose -5*z = b + 9. Let f(p) = 6*p + 2. Calculate f(z).
-10
Suppose -5*m + 3 = -4*m - 3*r, 5*m + 19 = -2*r. Let q(c) = c - 6. Let w(s) = -s + 7. Let g(n) = 3*q(n) + 2*w(n). Determine g(m).
-7
Let r be 64/(-11) + (-16)/88. Let w(k) be the first derivative of k**2/2 + 2*k + 3. Calculate w(r).
-4
Let v = -636 + 640. Let y(l) = -4*l + 10. What is y(v)?
-6
Let c(r) = 2*r**3 - r**2 + 2*r - 7. Let w(q) = -3*q**3 + q**2 - 4*q + 11. Let d(x) = -8*c(x) - 5*w(x). Determine d(4).
1
Let f(s) = -79*s + 16. Let c(p) = 15*p - 3. Let q(z) = -11*c(z) - 2*f(z). What is q(-1)?
8
Let q(t) = -t**2 - 6*t. Let x(b) = b - 1. Let l(n) = -3*n - 8. Let h(p) = l(p) + 2*x(p). Let f(s) = -s**2 - 13*s + 8. Let z be f(-14). Let d be h(z). Give q(d).
8
Let z(r) = -2*r**2 - 3*r + 4. Let x = 15 + -50. Let v be 3 + x/5 + 0. Calculate z(v).
-16
Let n = -22 + 27. Suppose -2*f + 0*a + 4*a = -20, -2*f + n*a = -23. Let r(q) = -q**3 + 5*q**2 - 3*q + 3. Determine r(f).
7
Let r(g) = 30*g - 9*g + 4 - 14*g - 12*g - 4*g. Give r(1).
-5
Let z = -1535 - -184201/120. Let r(t) be the third derivative of 0 - 4*t**2 + 0*t**4 + 0*t - 1/12*t**5 + z*t**6 + 2/3*t**3. Determine r(5).
4
Let f(h) = 46*h**2 + h - 1. Let j be (-170)/(-204) + (-2)/(-12). Determine f(j).
46
Let u be 8 + 3/(12/(-8)). Let z(l) be the third derivative of l**6/120 - 7*l**5/60 + 7*l**4/24 - 3*l**3/2 - 33*l**2. Calculate z(u).
-3
Let m(z) = -49*z - 3. Let k be m(-1). Let b(f) = -f**2 - k*f + 46*f. Give b(1).
-1
Let y(z) = z**3 + 18*z**2 - 22*z - 46. Let p be y(-19). Let f(k) = 4*k - 37. What is f(p)?
7
Let l(j) = -5*j - 4. Suppose 3*p - 24 = 11*p. Let s(q) be the first derivative of -2*q**2 - 4*q - 1. Let a(m) = p*s(m) + 2*l(m). What is a(-4)?
-4
Let s(z) = z**3 - 6*z**2 + 6*z - 9. Let m(g) = g**3 - 5*g**2 + 5*g - 8. Suppose -16 = -2*p - 4*f, 5*p = -f + 20 + 2. Let d(j) = p*s(j) - 5*m(j). Calculate d(0).
4
Let d(r) be the second derivative of -r**4/6 + 10*r**3/3 - r**2/2 - 7*r. Let m be d(10). Let t(s) = 2*s**3 + s**2 + s + 1. What is t(m)?
-1
Let l be -6*(2 + 80/15). Let w = 50 + l. Let r(p) = p - 2. Give r(w).
4
Let j = 1 - -22. Let s(y) = -2 - 22*y**2 - y - j*y**2 + 44*y**2. What is s(0)?
-2
Let y(o) = -2*o**2 - 6*o + 189. Let d be y(8). Let f(i) = -i**3 + 13*i**2 - i - 1. Calculate f(d).
-14
Let y be (40/100)/((-2)/(-565)). Let c(p) = 56*p + 54*p - y*p. Give c(-2).
6
Let q(z) be the third derivative of z**6/120 + z**5/10 + z**4/4 - 7*z**3/6 - 2*z**2. Let i be q(-5). Let w = i - -13. Let n(g) = 11*g - 1. Give n(w).
10
Let h(j) be the second derivative of j**6/120 - j**5/12 + 5*j**4/24 - 2*j**3/3 + 5*j**2 - 13*j. Let l(p) be the first derivative of h(p). Determine l(4).
0
Suppose 3*g + 28 = 5*f + 2*g, -f - 5*g - 10 = 0. Let y(x) be the third derivative of x**6/120 - x**5/10 + 7*x**4/24 - 5*x**3/6 + 6*x**2. Give y(f).
5
Let j(f) = f**3 + 3*f**2 - 4*f + 3. Suppose -5*p + 4*i - 156 = i, -3*i + 96 = -3*p. Let o = -46 - p. Let z be ((-5)/((-20)/o))/1. What is j(z)?
3
Let r(w) = w**3 - 4*w**2 + 2*w + 15. Let c(l) = -l**3 + 5*l**2 - l - 13. Let i(u) = 4*c(u) + 3*r(u). What is i(8)?
9
Let t(u) = -3 + 0 - u**2 + 3 + 3 - 2*u. What is t(-4)?
-5
Let o = 327 + -319. Let j(m) be the second derivative of 1/6*m**3 + 5/2*m**2 + o*m + 0. What is j(-4)?
1
Let r(h) be the second derivative of 30*h + 0 + 0*h**3 + 7/2*h**2 - 1/12*h**4. Determine r(-5).
-18
Suppose -10*h = 34 + 6. Let d be -3 + (h/4 - -7 - 4). Let b(q) = -16*q**3 + q**2. Calculate b(d).
17
Let z(a) = -a + 3. Let x be z(-4). Let w(o) be the first derivative of o**3/3 - 9*o**2/2 + 9*o + 330. What is w(x)?
-5
Let m(u) be the first derivative of u**2/2 - 8*u - 228. Give m(9).
1
Let j be ((-14)/5)/(14/(-35)). Suppose 9 = -4*a + j*a. Let c(o) = -2*o + 2. Give c(a).
-4
Let m(c) = -2*c**2 + 2*c**2 - 4 - c**3 + 4*c**2 - 6*c**2 - 4*c. Suppose 26 = -o - 4*s, 20 = -4*o + 5*s - 0. Let f be (o/5)/((-6)/(-9)). What is m(f)?
17
Let o(x) = -x**2 - 5*x - 1. Let i(f) = -3*f - 32. Let a be i(-13). Suppose -h + 5 - a = 0. Give o(h).
5
Let y = 8 + -2. Suppose -2*i + 5*w = -23, 4*i - 5*w = i + 27. Let q(t) = -i*t - 8 - t**2 + 4*t**2 - 2*t**2 - t. Give q(y).
-2
Let n(h) = -h**2 - h + 4. Let f(a) = a**3 - 2*a**2 + 3*a - 13. Let x(i) = f(i) + 4*n(i). Let j = -1 + 1. Suppose -g - g + 12 = j. Determine x(g).
-3
Let k(l) = -4*l + 26 - 19 + 18 + 9*l. Calculate k(-4).
5
Suppose 3*x - 3*q + 9 = 0, -5 = -x - 3*q - 0. Let m be (-1 - x)*1/(-2). Let p(d) = 1 - 9 + d + m. Calculate p(6).
-2
Let h(p) = -2. Let c(d) = -d + 1. Let n(w) = -6*c(w) - 3*h(w). Let m = -2681 + 2680. What is n(m)?
-6
Let s(c) = -8*c + 21. Let t(j) = 5*j - 12. Let r(y) = 3*s(y) + 5*t(y). Calculate r(-10).
-7
Let o(u) = -u**3 - 6*u**2 + 17*u + 12. Let w be o(-8). Suppose -5*z - w*x + 65 = 0, z + 4*x = -3*z + 56. Let t(l) = -l**3 + 9*l**2 - l + 7. Determine t(z).
-2
Let m(q) = -q**3 + 6*q**2 + 2*q - 6. Let y be (6 + -3 - -3)/1. Suppose u = a + y*u - 2, -2*a + 4 = 2*u. Suppose 3*p - a = 16. Calculate m(p).
6
Let h = 1070 + -1059. Let i(k) = -2*k + 6. Calculate i(h).
-16
Let u(m) be the first derivative of -m**3/3 - 5*m**2/2 + 4*m - 88. Calculate u(-5).
4
Let x(i) = 120 + i + 0*i - 130. Let z = -1 - -1. Let b be (z/2)/(-4 - -7). Determine x(b).
-10
Let j(c) be the second derivative of 1/2*c**2 + 0 + 6*c + c**3. What is j(1)?
7
Let h(n) be the third derivative of -n**6/360 - n**5/24 - 5*n**4/24 - 19*n**3/3 - 3*n**2. Let x(y) be the first derivative of h(y). Let u = 3 - 9. Give x(u).
-11
Let k(l) = -2*l**2 + 29*l**3 + 8*l**3 + 21 - 22 - 2*l - 5*l**3. Determine k(-1).
-33
Let h(l) = -228*l + 110*l + 109*l. Determine h(1).
-9
Let g(u) = -5*u + 7. Let z(m) = 2*m + 1. Let x(i) = -g(i) - z(i). Determine x(4).
4
Let z(k) be the second derivative of -23*k - 1/12*k**4 - 1/6*k**3 + 0 + 4*k**2. What is z(0)?
8
Let u(f) = -20*f - 64. Let s(y) = 7*y + 22. Let o(j) = 17*s(j) + 6*u(j). What is o(-6)?
-4
Let h(k) = -k**3 + 4*k**2 + 4*k + 2. Let l = 15 - 6. Let m(r) = -l*r + 5 + r**3 - 12*r + 12*r**2 + 8*r. Let a be m(-13). What is h(a)?
-3
Let c(g) = g**3 - 2*g**2 + 2. Let h be c(2). Let u(q) = 3 - 4*q - 2*q + h*q - q**3 + 2*q**2. Let w = 5 +